{"id":292,"date":"2020-10-01T01:15:50","date_gmt":"2020-10-01T01:15:50","guid":{"rendered":"http:\/\/delphis-house-of-scones.com\/?post_type=product&#038;p=292"},"modified":"2025-08-21T23:41:40","modified_gmt":"2025-08-21T23:41:40","slug":"nutella","status":"publish","type":"product","link":"https:\/\/delphis-house-of-scones.com\/index.php\/product\/nutella\/","title":{"rendered":"Nutella"},"content":{"rendered":"<table style=\"width: 80%; margin: auto;\">\n<tbody style=\"box-sizing: content-box;\">\n<tr>\n<th style=\"border-bottom: none;\"><iframe loading=\"lazy\" src=\"https:\/\/www.youtube.com\/embed\/p3cLHOmUWd0\" width=\"200\" height=\"220\" frameborder=\"0\" allowfullscreen=\"allowfullscreen\"><\/iframe><\/th>\n<\/tr>\n<\/tbody>\n<\/table>\n<p>El m\u00e1s decadente de nuestros Scones, lleva listones de Nutella encima y por que no&#8230;.Nutella por dentro. Para com\u00e9rtelo por que te lo mereces, con un caf\u00e9 a media tarde porque YOLO.<\/p>\n<p>Cali\u00e9ntalo en Horno El\u00e9ctrico o en Horno Convencional de 3 a 5 min a 100C\u00ba . NO USES MICROONDAS ya que se desmoronan.<\/p>\n<p>Si lo quieres guardar, puedes meterlo en una bolsa de pl\u00e1stico bien cerrada en el refrigerador y consumirlo en los pr\u00f3ximos 6 d\u00edas.<\/p>\n","protected":false},"excerpt":{"rendered":"<p>Listones de Nutella encima y por que no&#8230;.Nutella por dentro.<\/p>\n","protected":false},"featured_media":4298,"template":"","meta":{"neve_meta_sidebar":"","neve_meta_container":"","neve_meta_enable_content_width":"off","neve_meta_content_width":70,"neve_meta_title_alignment":"","neve_meta_author_avatar":"","neve_post_elements_order":"","neve_meta_disable_header":"","neve_meta_disable_footer":"","neve_meta_disable_title":""},"product_cat":[41,19,20,25],"product_tag":[21],"_links":{"self":[{"href":"https:\/\/delphis-house-of-scones.com\/index.php\/wp-json\/wp\/v2\/product\/292"}],"collection":[{"href":"https:\/\/delphis-house-of-scones.com\/index.php\/wp-json\/wp\/v2\/product"}],"about":[{"href":"https:\/\/delphis-house-of-scones.com\/index.php\/wp-json\/wp\/v2\/types\/product"}],"wp:featuredmedia":[{"embeddable":true,"href":"https:\/\/delphis-house-of-scones.com\/index.php\/wp-json\/wp\/v2\/media\/4298"}],"wp:attachment":[{"href":"https:\/\/delphis-house-of-scones.com\/index.php\/wp-json\/wp\/v2\/media?parent=292"}],"wp:term":[{"taxonomy":"product_cat","embeddable":true,"href":"https:\/\/delphis-house-of-scones.com\/index.php\/wp-json\/wp\/v2\/product_cat?post=292"},{"taxonomy":"product_tag","embeddable":true,"href":"https:\/\/delphis-house-of-scones.com\/index.php\/wp-json\/wp\/v2\/product_tag?post=292"}],"curies":[{"name":"wp","href":"https:\/\/api.w.org\/{rel}","templated":true}]}}